{"id":638,"date":"2025-02-07T08:27:00","date_gmt":"2025-02-07T08:27:00","guid":{"rendered":"https:\/\/smart-age.eu\/le-projet\/"},"modified":"2025-03-25T10:57:06","modified_gmt":"2025-03-25T10:57:06","slug":"le-projet","status":"publish","type":"page","link":"https:\/\/smart-age.eu\/fr\/le-projet\/","title":{"rendered":"Le projet"},"content":{"rendered":"<p>[et_pb_section fb_built=\u00a0\u00bb1&Prime; _builder_version=\u00a0\u00bb4.27.4&Prime; _module_preset=\u00a0\u00bbdefault\u00a0\u00bb custom_padding=\u00a0\u00bb3px||5px|||\u00a0\u00bb global_colors_info=\u00a0\u00bb{}\u00a0\u00bb][et_pb_row _builder_version=\u00a0\u00bb4.27.4&Prime; _module_preset=\u00a0\u00bbdefault\u00a0\u00bb global_colors_info=\u00a0\u00bb{}\u00a0\u00bb][et_pb_column type=\u00a0\u00bb4_4&Prime; _builder_version=\u00a0\u00bb4.27.4&Prime; _module_preset=\u00a0\u00bbdefault\u00a0\u00bb global_colors_info=\u00a0\u00bb{}\u00a0\u00bb][et_pb_text _builder_version=\u00a0\u00bb4.27.4&Prime; _module_preset=\u00a0\u00bbdefault\u00a0\u00bb header_font=\u00a0\u00bb|700||on|||||\u00a0\u00bb header_font_size=\u00a0\u00bb46px\u00a0\u00bb global_colors_info=\u00a0\u00bb{}\u00a0\u00bb]<\/p>\n<h1 style=\"text-align: left;\">Le projet<\/h1>\n<p>[\/et_pb_text][\/et_pb_column][\/et_pb_row][\/et_pb_section][et_pb_section fb_built=\u00a0\u00bb1&Prime; _builder_version=\u00a0\u00bb4.27.4&Prime; _module_preset=\u00a0\u00bbdefault\u00a0\u00bb custom_padding=\u00a0\u00bb0px|||||\u00a0\u00bb global_colors_info=\u00a0\u00bb{}\u00a0\u00bb][et_pb_row _builder_version=\u00a0\u00bb4.27.4&Prime; _module_preset=\u00a0\u00bbdefault\u00a0\u00bb custom_padding=\u00a0\u00bb5px|||||\u00a0\u00bb global_colors_info=\u00a0\u00bb{}\u00a0\u00bb][et_pb_column type=\u00a0\u00bb4_4&Prime; _builder_version=\u00a0\u00bb4.27.4&Prime; _module_preset=\u00a0\u00bbdefault\u00a0\u00bb global_colors_info=\u00a0\u00bb{}\u00a0\u00bb][et_pb_text _builder_version=\u00a0\u00bb4.27.4&Prime; _module_preset=\u00a0\u00bbdefault\u00a0\u00bb header_2_text_color=\u00a0\u00bb#19BF6C\u00a0\u00bb header_2_line_height=\u00a0\u00bb1.3em\u00a0\u00bb global_colors_info=\u00a0\u00bb{}\u00a0\u00bb]<\/p>\n<h2><strong>SMART-AGE<\/strong> &#8211; <strong>S<\/strong>ustainable <strong>M<\/strong>obility and <strong>A<\/strong>ccessibility for <strong>R<\/strong>esilient <strong>T<\/strong>ransport in <strong>Ag<\/strong>ing Urban <strong>E<\/strong>nvironments<\/h2>\n<p>[\/et_pb_text][et_pb_text _builder_version=\u00a0\u00bb4.27.4&Prime; _module_preset=\u00a0\u00bbdefault\u00a0\u00bb global_colors_info=\u00a0\u00bb{}\u00a0\u00bb]<\/p>\n<p>SMART-AGE r\u00e9pond au besoin pressant d&rsquo;aligner les syst\u00e8mes de mobilit\u00e9 urbaine sur les capacit\u00e9s et les pr\u00e9f\u00e9rences des personnes \u00e2g\u00e9es (65+). S&rsquo;appuyant sur le cadre de la ville des 15 minutes, qui donne la priorit\u00e9 \u00e0 la mobilit\u00e9 active et au transport durable pour les besoins quotidiens, ce projet s&rsquo;attache \u00e0 surmonter les difficult\u00e9s particuli\u00e8res auxquelles est confront\u00e9e une population vieillissante pour passer de la possession d&rsquo;une voiture \u00e0 une mobilit\u00e9 partag\u00e9e et intelligente. <\/p>\n<p>Le vieillissement de la population est une tendance d\u00e9mographique in\u00e9vitable, mais les obstacles que rencontrent les personnes \u00e2g\u00e9es pour adopter des solutions de mobilit\u00e9 durable restent peu \u00e9tudi\u00e9s. Les politiques d\u00e9courageant la possession d&rsquo;une voiture priv\u00e9e risquent donc souvent d&rsquo;accro\u00eetre l&rsquo;isolement social de ce groupe. SMART-AGE r\u00e9unit des comp\u00e9tences interdisciplinaires en mati\u00e8re de gestion des transports, de g\u00e9rontologie sociale, d&rsquo;\u00e9conomie et de droit afin de garantir que les syst\u00e8mes de mobilit\u00e9 soient inclusifs.  <\/p>\n<p>Le projet \u00e9tudie les facteurs \u00e0 l&rsquo;origine de la d\u00e9pendance \u00e0 l&rsquo;\u00e9gard de la voiture chez les personnes \u00e2g\u00e9es et identifie les conditions susceptibles d&rsquo;encourager leur passage \u00e0 la mobilit\u00e9 partag\u00e9e. En comblant le foss\u00e9 entre les besoins des utilisateurs \u00e2g\u00e9s et les services offerts par les fournisseurs, SMART-AGE contribue \u00e0 la durabilit\u00e9 socio-\u00e9conomique et \u00e0 l&rsquo;am\u00e9nagement urbain inclusif, favorisant des villes accessibles et connect\u00e9es pour tous. <\/p>\n<p>[\/et_pb_text][et_pb_image src=\u00a0\u00bbhttps:\/\/smart-age.eu\/wp-content\/uploads\/2025\/03\/logo-SMART-AGE.png\u00a0\u00bb _builder_version=\u00a0\u00bb4.27.4&Prime; _module_preset=\u00a0\u00bbdefault\u00a0\u00bb title_text=\u00a0\u00bblogo SMART-AGE\u00a0\u00bb align=\u00a0\u00bbcenter\u00a0\u00bb width=\u00a0\u00bb21%\u00a0\u00bb max_width=\u00a0\u00bb23%\u00a0\u00bb hover_enabled=\u00a0\u00bb0&Prime; sticky_enabled=\u00a0\u00bb0&Prime;][\/et_pb_image][\/et_pb_column][\/et_pb_row][\/et_pb_section]<\/p>\n","protected":false},"excerpt":{"rendered":"<p>Le projetSMART-AGE &#8211; Sustainable Mobility and Accessibility for Resilient Transport in Aging Urban EnvironmentsSMART-AGE r\u00e9pond au besoin pressant d&rsquo;aligner les syst\u00e8mes de mobilit\u00e9 urbaine sur les capacit\u00e9s et les pr\u00e9f\u00e9rences des personnes \u00e2g\u00e9es (65+). S&rsquo;appuyant sur le cadre de la ville des 15 minutes, qui donne la priorit\u00e9 \u00e0 la mobilit\u00e9 active et au transport [&hellip;]<\/p>\n","protected":false},"author":3,"featured_media":0,"parent":0,"menu_order":0,"comment_status":"closed","ping_status":"closed","template":"","meta":{"_et_pb_use_builder":"on","_et_pb_old_content":"","_et_gb_content_width":"","_umich_oidc_access":"","footnotes":""},"class_list":["post-638","page","type-page","status-publish","hentry"],"yoast_head":"<!-- This site is optimized with the Yoast SEO plugin v27.5 - https:\/\/yoast.com\/product\/yoast-seo-wordpress\/ -->\n<title>Le projet - SMART-AGE<\/title>\n<meta name=\"robots\" content=\"index, follow, max-snippet:-1, max-image-preview:large, max-video-preview:-1\" \/>\n<link rel=\"canonical\" href=\"https:\/\/smart-age.eu\/fr\/le-projet\/\" \/>\n<meta property=\"og:locale\" content=\"fr_FR\" \/>\n<meta property=\"og:type\" content=\"article\" \/>\n<meta property=\"og:title\" content=\"Le projet - SMART-AGE\" \/>\n<meta property=\"og:description\" content=\"Le projetSMART-AGE - Sustainable Mobility and Accessibility for Resilient Transport in Aging Urban EnvironmentsSMART-AGE r\u00e9pond au besoin pressant d&#039;aligner les syst\u00e8mes de mobilit\u00e9 urbaine sur les capacit\u00e9s et les pr\u00e9f\u00e9rences des personnes \u00e2g\u00e9es (65+). S&#039;appuyant sur le cadre de la ville des 15 minutes, qui donne la priorit\u00e9 \u00e0 la mobilit\u00e9 active et au transport [&hellip;]\" \/>\n<meta property=\"og:url\" content=\"https:\/\/smart-age.eu\/fr\/le-projet\/\" \/>\n<meta property=\"og:site_name\" content=\"SMART-AGE\" \/>\n<meta property=\"article:modified_time\" content=\"2025-03-25T10:57:06+00:00\" \/>\n<meta name=\"twitter:card\" content=\"summary_large_image\" \/>\n<meta name=\"twitter:label1\" content=\"Dur\u00e9e de lecture estim\u00e9e\" \/>\n\t<meta name=\"twitter:data1\" content=\"2 minutes\" \/>\n<script type=\"application\/ld+json\" class=\"yoast-schema-graph\">{\"@context\":\"https:\\\/\\\/schema.org\",\"@graph\":[{\"@type\":\"WebPage\",\"@id\":\"https:\\\/\\\/smart-age.eu\\\/fr\\\/le-projet\\\/\",\"url\":\"https:\\\/\\\/smart-age.eu\\\/fr\\\/le-projet\\\/\",\"name\":\"Le projet - SMART-AGE\",\"isPartOf\":{\"@id\":\"https:\\\/\\\/smart-age.eu\\\/#website\"},\"datePublished\":\"2025-02-07T08:27:00+00:00\",\"dateModified\":\"2025-03-25T10:57:06+00:00\",\"breadcrumb\":{\"@id\":\"https:\\\/\\\/smart-age.eu\\\/fr\\\/le-projet\\\/#breadcrumb\"},\"inLanguage\":\"fr-FR\",\"potentialAction\":[{\"@type\":\"ReadAction\",\"target\":[\"https:\\\/\\\/smart-age.eu\\\/fr\\\/le-projet\\\/\"]}]},{\"@type\":\"BreadcrumbList\",\"@id\":\"https:\\\/\\\/smart-age.eu\\\/fr\\\/le-projet\\\/#breadcrumb\",\"itemListElement\":[{\"@type\":\"ListItem\",\"position\":1,\"name\":\"Home\",\"item\":\"https:\\\/\\\/smart-age.eu\\\/fr\\\/home\\\/\"},{\"@type\":\"ListItem\",\"position\":2,\"name\":\"Le projet\"}]},{\"@type\":\"WebSite\",\"@id\":\"https:\\\/\\\/smart-age.eu\\\/#website\",\"url\":\"https:\\\/\\\/smart-age.eu\\\/\",\"name\":\"SMART-AGE\",\"description\":\"Sustainable Mobility and Accessibility for Resilient Transport in Aging Urban Environments\",\"potentialAction\":[{\"@type\":\"SearchAction\",\"target\":{\"@type\":\"EntryPoint\",\"urlTemplate\":\"https:\\\/\\\/smart-age.eu\\\/?s={search_term_string}\"},\"query-input\":{\"@type\":\"PropertyValueSpecification\",\"valueRequired\":true,\"valueName\":\"search_term_string\"}}],\"inLanguage\":\"fr-FR\"}]}<\/script>\n<!-- \/ Yoast SEO plugin. -->","yoast_head_json":{"title":"Le projet - SMART-AGE","robots":{"index":"index","follow":"follow","max-snippet":"max-snippet:-1","max-image-preview":"max-image-preview:large","max-video-preview":"max-video-preview:-1"},"canonical":"https:\/\/smart-age.eu\/fr\/le-projet\/","og_locale":"fr_FR","og_type":"article","og_title":"Le projet - SMART-AGE","og_description":"Le projetSMART-AGE - Sustainable Mobility and Accessibility for Resilient Transport in Aging Urban EnvironmentsSMART-AGE r\u00e9pond au besoin pressant d'aligner les syst\u00e8mes de mobilit\u00e9 urbaine sur les capacit\u00e9s et les pr\u00e9f\u00e9rences des personnes \u00e2g\u00e9es (65+). S'appuyant sur le cadre de la ville des 15 minutes, qui donne la priorit\u00e9 \u00e0 la mobilit\u00e9 active et au transport [&hellip;]","og_url":"https:\/\/smart-age.eu\/fr\/le-projet\/","og_site_name":"SMART-AGE","article_modified_time":"2025-03-25T10:57:06+00:00","twitter_card":"summary_large_image","twitter_misc":{"Dur\u00e9e de lecture estim\u00e9e":"2 minutes"},"schema":{"@context":"https:\/\/schema.org","@graph":[{"@type":"WebPage","@id":"https:\/\/smart-age.eu\/fr\/le-projet\/","url":"https:\/\/smart-age.eu\/fr\/le-projet\/","name":"Le projet - SMART-AGE","isPartOf":{"@id":"https:\/\/smart-age.eu\/#website"},"datePublished":"2025-02-07T08:27:00+00:00","dateModified":"2025-03-25T10:57:06+00:00","breadcrumb":{"@id":"https:\/\/smart-age.eu\/fr\/le-projet\/#breadcrumb"},"inLanguage":"fr-FR","potentialAction":[{"@type":"ReadAction","target":["https:\/\/smart-age.eu\/fr\/le-projet\/"]}]},{"@type":"BreadcrumbList","@id":"https:\/\/smart-age.eu\/fr\/le-projet\/#breadcrumb","itemListElement":[{"@type":"ListItem","position":1,"name":"Home","item":"https:\/\/smart-age.eu\/fr\/home\/"},{"@type":"ListItem","position":2,"name":"Le projet"}]},{"@type":"WebSite","@id":"https:\/\/smart-age.eu\/#website","url":"https:\/\/smart-age.eu\/","name":"SMART-AGE","description":"Sustainable Mobility and Accessibility for Resilient Transport in Aging Urban Environments","potentialAction":[{"@type":"SearchAction","target":{"@type":"EntryPoint","urlTemplate":"https:\/\/smart-age.eu\/?s={search_term_string}"},"query-input":{"@type":"PropertyValueSpecification","valueRequired":true,"valueName":"search_term_string"}}],"inLanguage":"fr-FR"}]}},"_links":{"self":[{"href":"https:\/\/smart-age.eu\/fr\/wp-json\/wp\/v2\/pages\/638","targetHints":{"allow":["GET"]}}],"collection":[{"href":"https:\/\/smart-age.eu\/fr\/wp-json\/wp\/v2\/pages"}],"about":[{"href":"https:\/\/smart-age.eu\/fr\/wp-json\/wp\/v2\/types\/page"}],"author":[{"embeddable":true,"href":"https:\/\/smart-age.eu\/fr\/wp-json\/wp\/v2\/users\/3"}],"replies":[{"embeddable":true,"href":"https:\/\/smart-age.eu\/fr\/wp-json\/wp\/v2\/comments?post=638"}],"version-history":[{"count":4,"href":"https:\/\/smart-age.eu\/fr\/wp-json\/wp\/v2\/pages\/638\/revisions"}],"predecessor-version":[{"id":820,"href":"https:\/\/smart-age.eu\/fr\/wp-json\/wp\/v2\/pages\/638\/revisions\/820"}],"wp:attachment":[{"href":"https:\/\/smart-age.eu\/fr\/wp-json\/wp\/v2\/media?parent=638"}],"curies":[{"name":"wp","href":"https:\/\/api.w.org\/{rel}","templated":true}]}}

<p>[et_pb_section fb_built= »1&Prime; _builder_version= »4.27.4&Prime; _module_preset= »default » custom_padding= »3px||5px||| » global_colors_info= »{} »][et_pb_row _builder_version= »4.27.4&Prime; _module_preset= »default » global_colors_info= »{} »][et_pb_column type= »4_4&Prime; _builder_version= »4.27.4&Prime; _module_preset= »default » global_colors_info= »{} »][et_pb_text _builder_version= »4.27.4&Prime; _module_preset= »default » header_font= »|700||on||||| » header_font_size= »46px » global_colors_info= »{} »]</p>
<h1 style="text-align: left;">Le projet</h1>
<p>[/et_pb_text][/et_pb_column][/et_pb_row][/et_pb_section][et_pb_section fb_built= »1&Prime; _builder_version= »4.27.4&Prime; _module_preset= »default » custom_padding= »0px||||| » global_colors_info= »{} »][et_pb_row _builder_version= »4.27.4&Prime; _module_preset= »default » custom_padding= »5px||||| » global_colors_info= »{} »][et_pb_column type= »4_4&Prime; _builder_version= »4.27.4&Prime; _module_preset= »default » global_colors_info= »{} »][et_pb_text _builder_version= »4.27.4&Prime; _module_preset= »default » header_2_text_color= »#19BF6C » header_2_line_height= »1.3em » global_colors_info= »{} »]</p>
<h2><strong>SMART-AGE</strong> &#8211; <strong>S</strong>ustainable <strong>M</strong>obility and <strong>A</strong>ccessibility for <strong>R</strong>esilient <strong>T</strong>ransport in <strong>Ag</strong>ing Urban <strong>E</strong>nvironments</h2>
<p>[/et_pb_text][et_pb_text _builder_version= »4.27.4&Prime; _module_preset= »default » global_colors_info= »{} »]</p>
<p>SMART-AGE répond au besoin pressant d&rsquo;aligner les systèmes de mobilité urbaine sur les capacités et les préférences des personnes âgées (65+). S&rsquo;appuyant sur le cadre de la ville des 15 minutes, qui donne la priorité à la mobilité active et au transport durable pour les besoins quotidiens, ce projet s&rsquo;attache à surmonter les difficultés particulières auxquelles est confrontée une population vieillissante pour passer de la possession d&rsquo;une voiture à une mobilité partagée et intelligente. </p>
<p>Le vieillissement de la population est une tendance démographique inévitable, mais les obstacles que rencontrent les personnes âgées pour adopter des solutions de mobilité durable restent peu étudiés. Les politiques décourageant la possession d&rsquo;une voiture privée risquent donc souvent d&rsquo;accroître l&rsquo;isolement social de ce groupe. SMART-AGE réunit des compétences interdisciplinaires en matière de gestion des transports, de gérontologie sociale, d&rsquo;économie et de droit afin de garantir que les systèmes de mobilité soient inclusifs.  </p>
<p>Le projet étudie les facteurs à l&rsquo;origine de la dépendance à l&rsquo;égard de la voiture chez les personnes âgées et identifie les conditions susceptibles d&rsquo;encourager leur passage à la mobilité partagée. En comblant le fossé entre les besoins des utilisateurs âgés et les services offerts par les fournisseurs, SMART-AGE contribue à la durabilité socio-économique et à l&rsquo;aménagement urbain inclusif, favorisant des villes accessibles et connectées pour tous. </p>
<p>[/et_pb_text][et_pb_image src= »https://smart-age.eu/wp-content/uploads/2025/03/logo-SMART-AGE.png » _builder_version= »4.27.4&Prime; _module_preset= »default » title_text= »logo SMART-AGE » align= »center » width= »21% » max_width= »23% » hover_enabled= »0&Prime; sticky_enabled= »0&Prime;][/et_pb_image][/et_pb_column][/et_pb_row][/et_pb_section]</p>

<p>Le projetSMART-AGE &#8211; Sustainable Mobility and Accessibility for Resilient Transport in Aging Urban EnvironmentsSMART-AGE répond au besoin pressant d&rsquo;aligner les systèmes de mobilité urbaine sur les capacités et les préférences des personnes âgées (65+). S&rsquo;appuyant sur le cadre de la ville des 15 minutes, qui donne la priorité à la mobilité active et au transport [&hellip;]</p>

<!-- This site is optimized with the Yoast SEO plugin v27.5 - https://yoast.com/product/yoast-seo-wordpress/ -->
<title>Le projet - SMART-AGE</title>
<meta name="robots" content="index, follow, max-snippet:-1, max-image-preview:large, max-video-preview:-1" />
<link rel="canonical" href="https://smart-age.eu/fr/le-projet/" />
<meta property="og:locale" content="fr_FR" />
<meta property="og:type" content="article" />
<meta property="og:title" content="Le projet - SMART-AGE" />
<meta property="og:description" content="Le projetSMART-AGE - Sustainable Mobility and Accessibility for Resilient Transport in Aging Urban EnvironmentsSMART-AGE répond au besoin pressant d&#039;aligner les systèmes de mobilité urbaine sur les capacités et les préférences des personnes âgées (65+). S&#039;appuyant sur le cadre de la ville des 15 minutes, qui donne la priorité à la mobilité active et au transport [&hellip;]" />
<meta property="og:url" content="https://smart-age.eu/fr/le-projet/" />
<meta property="og:site_name" content="SMART-AGE" />
<meta property="article:modified_time" content="2025-03-25T10:57:06+00:00" />
<meta name="twitter:card" content="summary_large_image" />
<meta name="twitter:label1" content="Durée de lecture estimée" />
	<meta name="twitter:data1" content="2 minutes" />
<script type="application/ld+json" class="yoast-schema-graph">{"@context":"https:\/\/schema.org","@graph":[{"@type":"WebPage","@id":"https:\/\/smart-age.eu\/fr\/le-projet\/","url":"https:\/\/smart-age.eu\/fr\/le-projet\/","name":"Le projet - SMART-AGE","isPartOf":{"@id":"https:\/\/smart-age.eu\/#website"},"datePublished":"2025-02-07T08:27:00+00:00","dateModified":"2025-03-25T10:57:06+00:00","breadcrumb":{"@id":"https:\/\/smart-age.eu\/fr\/le-projet\/#breadcrumb"},"inLanguage":"fr-FR","potentialAction":[{"@type":"ReadAction","target":["https:\/\/smart-age.eu\/fr\/le-projet\/"]}]},{"@type":"BreadcrumbList","@id":"https:\/\/smart-age.eu\/fr\/le-projet\/#breadcrumb","itemListElement":[{"@type":"ListItem","position":1,"name":"Home","item":"https:\/\/smart-age.eu\/fr\/home\/"},{"@type":"ListItem","position":2,"name":"Le projet"}]},{"@type":"WebSite","@id":"https:\/\/smart-age.eu\/#website","url":"https:\/\/smart-age.eu\/","name":"SMART-AGE","description":"Sustainable Mobility and Accessibility for Resilient Transport in Aging Urban Environments","potentialAction":[{"@type":"SearchAction","target":{"@type":"EntryPoint","urlTemplate":"https:\/\/smart-age.eu\/?s={search_term_string}"},"query-input":{"@type":"PropertyValueSpecification","valueRequired":true,"valueName":"search_term_string"}}],"inLanguage":"fr-FR"}]}</script>
<!-- / Yoast SEO plugin. -->

Le projetSMART-AGE - Sustainable Mobility and Accessibility for Resilient Transport in Aging Urban EnvironmentsSMART-AGE répond au besoin pressant d'aligner les systèmes de mobilité urbaine sur les capacités et les préférences des personnes âgées (65+). S'appuyant sur le cadre de la ville des 15 minutes, qui donne la priorité à la mobilité active et au transport [&hellip;]
