{"id":557,"date":"2025-02-07T08:27:00","date_gmt":"2025-02-07T08:27:00","guid":{"rendered":"https:\/\/smart-age.eu\/il-progetto\/"},"modified":"2025-03-25T10:57:21","modified_gmt":"2025-03-25T10:57:21","slug":"il-progetto","status":"publish","type":"page","link":"https:\/\/smart-age.eu\/it\/il-progetto\/","title":{"rendered":"Il progetto"},"content":{"rendered":"<p>[et_pb_section fb_built=&#8221;1&#8243; _builder_version=&#8221;4.27.4&#8243; _module_preset=&#8221;default&#8221; custom_padding=&#8221;3px||5px|||&#8221; global_colors_info=&#8221;{}&#8221;][et_pb_row _builder_version=&#8221;4.27.4&#8243; _module_preset=&#8221;default&#8221; global_colors_info=&#8221;{}&#8221;][et_pb_column type=&#8221;4_4&#8243; _builder_version=&#8221;4.27.4&#8243; _module_preset=&#8221;default&#8221; global_colors_info=&#8221;{}&#8221;][et_pb_text _builder_version=&#8221;4.27.4&#8243; _module_preset=&#8221;default&#8221; header_font=&#8221;|700||on|||||&#8221; header_font_size=&#8221;46px&#8221; global_colors_info=&#8221;{}&#8221;]<\/p>\n<h1 style=\"text-align: left;\">Il progetto<\/h1>\n<p>[\/et_pb_text][\/et_pb_column][\/et_pb_row][\/et_pb_section][et_pb_section fb_built=&#8221;1&#8243; _builder_version=&#8221;4.27.4&#8243; _module_preset=&#8221;default&#8221; custom_padding=&#8221;0px|||||&#8221; global_colors_info=&#8221;{}&#8221;][et_pb_row _builder_version=&#8221;4.27.4&#8243; _module_preset=&#8221;default&#8221; custom_padding=&#8221;5px|||||&#8221; global_colors_info=&#8221;{}&#8221;][et_pb_column type=&#8221;4_4&#8243; _builder_version=&#8221;4.27.4&#8243; _module_preset=&#8221;default&#8221; global_colors_info=&#8221;{}&#8221;][et_pb_text _builder_version=&#8221;4.27.4&#8243; _module_preset=&#8221;default&#8221; header_2_text_color=&#8221;#19BF6C&#8221; header_2_line_height=&#8221;1.3em&#8221; global_colors_info=&#8221;{}&#8221;]<\/p>\n<h2><strong>SMART-AGE<\/strong> &#8211; <strong>S<\/strong>ustainable <strong>M<\/strong>obility and <strong>A<\/strong>ccessibility for <strong>R<\/strong>esilient <strong>T<\/strong>ransport in <strong>Ag<\/strong>ing Urban <strong>E<\/strong>nvironments<\/h2>\n<p>[\/et_pb_text][et_pb_text _builder_version=&#8221;4.27.4&#8243; _module_preset=&#8221;default&#8221; global_colors_info=&#8221;{}&#8221;]<\/p>\n<p>SMART-AGE affronta l&#8217;urgente necessit\u00e0 di adattare i sistemi di mobilit\u00e0 urbana alle capacit\u00e0 e alle preferenze delle persone pi\u00f9 anziane (65+). Utilizzando il quadro di riferimento della cosiddetta &#8220;Citt\u00e0 dei 15 minuti&#8221;\/&#8221;15-Minute City&#8221;, che d\u00e0 priorit\u00e0 alla mobilit\u00e0 attiva e al trasporto sostenibile per le esigenze quotidiane, questo progetto si concentra sul superamento degli ostacoli che impediscono a questa fascia di popolazione di passare dall&#8217;auto di propriet\u00e0 a soluzioni di mobilit\u00e0 condivisa e smart. <\/p>\n<p>L&#8217;invecchiamento della popolazione \u00e8 un trend demografico inevitabile, ma le barriere che gli adulti pi\u00f9 anziani incontrano nell&#8217;adottare soluzioni di mobilit\u00e0 sostenibile rimangono poco esplorate. Le politiche che scoraggiano il possesso dell&#8217;auto privata rischiano spesso di aumentare l&#8217;isolamento sociale di questo segmento di popolazione. SMART-AGE riunisce competenze interdisciplinari in materia di gestione dei trasporti, gerontologia sociale, economia e diritto per garantire sistemi di mobilit\u00e0 inclusivi.  <\/p>\n<p>Il progetto studia i fattori alla base della dipendenza degli anziani dall&#8217;automobile, e identifica le condizioni che potrebbero incoraggiare il passaggio alla mobilit\u00e0 condivisa. Colmando il divario tra le esigenze degli utenti anziani e i servizi offerti dai fornitori, SMART-AGE contribuisce alla sostenibilit\u00e0 socio-economica e a una progettazione urbana inclusiva, promuovendo citt\u00e0 accessibili e connesse per tutti. <\/p>\n<p>[\/et_pb_text][et_pb_image src=&#8221;https:\/\/smart-age.eu\/wp-content\/uploads\/2025\/03\/logo-SMART-AGE.png&#8221; _builder_version=&#8221;4.27.4&#8243; _module_preset=&#8221;default&#8221; title_text=&#8221;logo SMART-AGE&#8221; align=&#8221;center&#8221; width=&#8221;21%&#8221; max_width=&#8221;23%&#8221; hover_enabled=&#8221;0&#8243; sticky_enabled=&#8221;0&#8243;][\/et_pb_image][\/et_pb_column][\/et_pb_row][\/et_pb_section]<\/p>\n","protected":false},"excerpt":{"rendered":"<p>Il progettoSMART-AGE &#8211; Sustainable Mobility and Accessibility for Resilient Transport in Aging Urban EnvironmentsSMART-AGE affronta l&#8217;urgente necessit\u00e0 di adattare i sistemi di mobilit\u00e0 urbana alle capacit\u00e0 e alle preferenze delle persone pi\u00f9 anziane (65+). Utilizzando il quadro di riferimento della cosiddetta &#8220;Citt\u00e0 dei 15 minuti&#8221;\/&#8221;15-Minute City&#8221;, che d\u00e0 priorit\u00e0 alla mobilit\u00e0 attiva e al trasporto [&hellip;]<\/p>\n","protected":false},"author":3,"featured_media":0,"parent":0,"menu_order":0,"comment_status":"closed","ping_status":"closed","template":"","meta":{"_et_pb_use_builder":"on","_et_pb_old_content":"","_et_gb_content_width":"","_umich_oidc_access":"","footnotes":""},"class_list":["post-557","page","type-page","status-publish","hentry"],"yoast_head":"<!-- This site is optimized with the Yoast SEO plugin v27.5 - https:\/\/yoast.com\/product\/yoast-seo-wordpress\/ -->\n<title>Il progetto - SMART-AGE<\/title>\n<meta name=\"robots\" content=\"index, follow, max-snippet:-1, max-image-preview:large, max-video-preview:-1\" \/>\n<link rel=\"canonical\" href=\"https:\/\/smart-age.eu\/it\/il-progetto\/\" \/>\n<meta property=\"og:locale\" content=\"it_IT\" \/>\n<meta property=\"og:type\" content=\"article\" \/>\n<meta property=\"og:title\" content=\"Il progetto - SMART-AGE\" \/>\n<meta property=\"og:description\" content=\"Il progettoSMART-AGE - Sustainable Mobility and Accessibility for Resilient Transport in Aging Urban EnvironmentsSMART-AGE affronta l&#039;urgente necessit\u00e0 di adattare i sistemi di mobilit\u00e0 urbana alle capacit\u00e0 e alle preferenze delle persone pi\u00f9 anziane (65+). Utilizzando il quadro di riferimento della cosiddetta &quot;Citt\u00e0 dei 15 minuti&quot;\/&quot;15-Minute City&quot;, che d\u00e0 priorit\u00e0 alla mobilit\u00e0 attiva e al trasporto [&hellip;]\" \/>\n<meta property=\"og:url\" content=\"https:\/\/smart-age.eu\/it\/il-progetto\/\" \/>\n<meta property=\"og:site_name\" content=\"SMART-AGE\" \/>\n<meta property=\"article:modified_time\" content=\"2025-03-25T10:57:21+00:00\" \/>\n<meta name=\"twitter:card\" content=\"summary_large_image\" \/>\n<meta name=\"twitter:label1\" content=\"Tempo di lettura stimato\" \/>\n\t<meta name=\"twitter:data1\" content=\"2 minuti\" \/>\n<script type=\"application\/ld+json\" class=\"yoast-schema-graph\">{\"@context\":\"https:\\\/\\\/schema.org\",\"@graph\":[{\"@type\":\"WebPage\",\"@id\":\"https:\\\/\\\/smart-age.eu\\\/it\\\/il-progetto\\\/\",\"url\":\"https:\\\/\\\/smart-age.eu\\\/it\\\/il-progetto\\\/\",\"name\":\"Il progetto - SMART-AGE\",\"isPartOf\":{\"@id\":\"https:\\\/\\\/smart-age.eu\\\/#website\"},\"datePublished\":\"2025-02-07T08:27:00+00:00\",\"dateModified\":\"2025-03-25T10:57:21+00:00\",\"breadcrumb\":{\"@id\":\"https:\\\/\\\/smart-age.eu\\\/it\\\/il-progetto\\\/#breadcrumb\"},\"inLanguage\":\"it-IT\",\"potentialAction\":[{\"@type\":\"ReadAction\",\"target\":[\"https:\\\/\\\/smart-age.eu\\\/it\\\/il-progetto\\\/\"]}]},{\"@type\":\"BreadcrumbList\",\"@id\":\"https:\\\/\\\/smart-age.eu\\\/it\\\/il-progetto\\\/#breadcrumb\",\"itemListElement\":[{\"@type\":\"ListItem\",\"position\":1,\"name\":\"Home\",\"item\":\"https:\\\/\\\/smart-age.eu\\\/it\\\/home\\\/\"},{\"@type\":\"ListItem\",\"position\":2,\"name\":\"Il progetto\"}]},{\"@type\":\"WebSite\",\"@id\":\"https:\\\/\\\/smart-age.eu\\\/#website\",\"url\":\"https:\\\/\\\/smart-age.eu\\\/\",\"name\":\"SMART-AGE\",\"description\":\"Sustainable Mobility and Accessibility for Resilient Transport in Aging Urban Environments\",\"potentialAction\":[{\"@type\":\"SearchAction\",\"target\":{\"@type\":\"EntryPoint\",\"urlTemplate\":\"https:\\\/\\\/smart-age.eu\\\/?s={search_term_string}\"},\"query-input\":{\"@type\":\"PropertyValueSpecification\",\"valueRequired\":true,\"valueName\":\"search_term_string\"}}],\"inLanguage\":\"it-IT\"}]}<\/script>\n<!-- \/ Yoast SEO plugin. -->","yoast_head_json":{"title":"Il progetto - SMART-AGE","robots":{"index":"index","follow":"follow","max-snippet":"max-snippet:-1","max-image-preview":"max-image-preview:large","max-video-preview":"max-video-preview:-1"},"canonical":"https:\/\/smart-age.eu\/it\/il-progetto\/","og_locale":"it_IT","og_type":"article","og_title":"Il progetto - SMART-AGE","og_description":"Il progettoSMART-AGE - Sustainable Mobility and Accessibility for Resilient Transport in Aging Urban EnvironmentsSMART-AGE affronta l'urgente necessit\u00e0 di adattare i sistemi di mobilit\u00e0 urbana alle capacit\u00e0 e alle preferenze delle persone pi\u00f9 anziane (65+). Utilizzando il quadro di riferimento della cosiddetta \"Citt\u00e0 dei 15 minuti\"\/\"15-Minute City\", che d\u00e0 priorit\u00e0 alla mobilit\u00e0 attiva e al trasporto [&hellip;]","og_url":"https:\/\/smart-age.eu\/it\/il-progetto\/","og_site_name":"SMART-AGE","article_modified_time":"2025-03-25T10:57:21+00:00","twitter_card":"summary_large_image","twitter_misc":{"Tempo di lettura stimato":"2 minuti"},"schema":{"@context":"https:\/\/schema.org","@graph":[{"@type":"WebPage","@id":"https:\/\/smart-age.eu\/it\/il-progetto\/","url":"https:\/\/smart-age.eu\/it\/il-progetto\/","name":"Il progetto - SMART-AGE","isPartOf":{"@id":"https:\/\/smart-age.eu\/#website"},"datePublished":"2025-02-07T08:27:00+00:00","dateModified":"2025-03-25T10:57:21+00:00","breadcrumb":{"@id":"https:\/\/smart-age.eu\/it\/il-progetto\/#breadcrumb"},"inLanguage":"it-IT","potentialAction":[{"@type":"ReadAction","target":["https:\/\/smart-age.eu\/it\/il-progetto\/"]}]},{"@type":"BreadcrumbList","@id":"https:\/\/smart-age.eu\/it\/il-progetto\/#breadcrumb","itemListElement":[{"@type":"ListItem","position":1,"name":"Home","item":"https:\/\/smart-age.eu\/it\/home\/"},{"@type":"ListItem","position":2,"name":"Il progetto"}]},{"@type":"WebSite","@id":"https:\/\/smart-age.eu\/#website","url":"https:\/\/smart-age.eu\/","name":"SMART-AGE","description":"Sustainable Mobility and Accessibility for Resilient Transport in Aging Urban Environments","potentialAction":[{"@type":"SearchAction","target":{"@type":"EntryPoint","urlTemplate":"https:\/\/smart-age.eu\/?s={search_term_string}"},"query-input":{"@type":"PropertyValueSpecification","valueRequired":true,"valueName":"search_term_string"}}],"inLanguage":"it-IT"}]}},"_links":{"self":[{"href":"https:\/\/smart-age.eu\/it\/wp-json\/wp\/v2\/pages\/557","targetHints":{"allow":["GET"]}}],"collection":[{"href":"https:\/\/smart-age.eu\/it\/wp-json\/wp\/v2\/pages"}],"about":[{"href":"https:\/\/smart-age.eu\/it\/wp-json\/wp\/v2\/types\/page"}],"author":[{"embeddable":true,"href":"https:\/\/smart-age.eu\/it\/wp-json\/wp\/v2\/users\/3"}],"replies":[{"embeddable":true,"href":"https:\/\/smart-age.eu\/it\/wp-json\/wp\/v2\/comments?post=557"}],"version-history":[{"count":13,"href":"https:\/\/smart-age.eu\/it\/wp-json\/wp\/v2\/pages\/557\/revisions"}],"predecessor-version":[{"id":822,"href":"https:\/\/smart-age.eu\/it\/wp-json\/wp\/v2\/pages\/557\/revisions\/822"}],"wp:attachment":[{"href":"https:\/\/smart-age.eu\/it\/wp-json\/wp\/v2\/media?parent=557"}],"curies":[{"name":"wp","href":"https:\/\/api.w.org\/{rel}","templated":true}]}}

<p>[et_pb_section fb_built=&#8221;1&#8243; _builder_version=&#8221;4.27.4&#8243; _module_preset=&#8221;default&#8221; custom_padding=&#8221;3px||5px|||&#8221; global_colors_info=&#8221;{}&#8221;][et_pb_row _builder_version=&#8221;4.27.4&#8243; _module_preset=&#8221;default&#8221; global_colors_info=&#8221;{}&#8221;][et_pb_column type=&#8221;4_4&#8243; _builder_version=&#8221;4.27.4&#8243; _module_preset=&#8221;default&#8221; global_colors_info=&#8221;{}&#8221;][et_pb_text _builder_version=&#8221;4.27.4&#8243; _module_preset=&#8221;default&#8221; header_font=&#8221;|700||on|||||&#8221; header_font_size=&#8221;46px&#8221; global_colors_info=&#8221;{}&#8221;]</p>
<h1 style="text-align: left;">Il progetto</h1>
<p>[/et_pb_text][/et_pb_column][/et_pb_row][/et_pb_section][et_pb_section fb_built=&#8221;1&#8243; _builder_version=&#8221;4.27.4&#8243; _module_preset=&#8221;default&#8221; custom_padding=&#8221;0px|||||&#8221; global_colors_info=&#8221;{}&#8221;][et_pb_row _builder_version=&#8221;4.27.4&#8243; _module_preset=&#8221;default&#8221; custom_padding=&#8221;5px|||||&#8221; global_colors_info=&#8221;{}&#8221;][et_pb_column type=&#8221;4_4&#8243; _builder_version=&#8221;4.27.4&#8243; _module_preset=&#8221;default&#8221; global_colors_info=&#8221;{}&#8221;][et_pb_text _builder_version=&#8221;4.27.4&#8243; _module_preset=&#8221;default&#8221; header_2_text_color=&#8221;#19BF6C&#8221; header_2_line_height=&#8221;1.3em&#8221; global_colors_info=&#8221;{}&#8221;]</p>
<h2><strong>SMART-AGE</strong> &#8211; <strong>S</strong>ustainable <strong>M</strong>obility and <strong>A</strong>ccessibility for <strong>R</strong>esilient <strong>T</strong>ransport in <strong>Ag</strong>ing Urban <strong>E</strong>nvironments</h2>
<p>[/et_pb_text][et_pb_text _builder_version=&#8221;4.27.4&#8243; _module_preset=&#8221;default&#8221; global_colors_info=&#8221;{}&#8221;]</p>
<p>SMART-AGE affronta l&#8217;urgente necessità di adattare i sistemi di mobilità urbana alle capacità e alle preferenze delle persone più anziane (65+). Utilizzando il quadro di riferimento della cosiddetta &#8220;Città dei 15 minuti&#8221;/&#8221;15-Minute City&#8221;, che dà priorità alla mobilità attiva e al trasporto sostenibile per le esigenze quotidiane, questo progetto si concentra sul superamento degli ostacoli che impediscono a questa fascia di popolazione di passare dall&#8217;auto di proprietà a soluzioni di mobilità condivisa e smart. </p>
<p>L&#8217;invecchiamento della popolazione è un trend demografico inevitabile, ma le barriere che gli adulti più anziani incontrano nell&#8217;adottare soluzioni di mobilità sostenibile rimangono poco esplorate. Le politiche che scoraggiano il possesso dell&#8217;auto privata rischiano spesso di aumentare l&#8217;isolamento sociale di questo segmento di popolazione. SMART-AGE riunisce competenze interdisciplinari in materia di gestione dei trasporti, gerontologia sociale, economia e diritto per garantire sistemi di mobilità inclusivi.  </p>
<p>Il progetto studia i fattori alla base della dipendenza degli anziani dall&#8217;automobile, e identifica le condizioni che potrebbero incoraggiare il passaggio alla mobilità condivisa. Colmando il divario tra le esigenze degli utenti anziani e i servizi offerti dai fornitori, SMART-AGE contribuisce alla sostenibilità socio-economica e a una progettazione urbana inclusiva, promuovendo città accessibili e connesse per tutti. </p>
<p>[/et_pb_text][et_pb_image src=&#8221;https://smart-age.eu/wp-content/uploads/2025/03/logo-SMART-AGE.png&#8221; _builder_version=&#8221;4.27.4&#8243; _module_preset=&#8221;default&#8221; title_text=&#8221;logo SMART-AGE&#8221; align=&#8221;center&#8221; width=&#8221;21%&#8221; max_width=&#8221;23%&#8221; hover_enabled=&#8221;0&#8243; sticky_enabled=&#8221;0&#8243;][/et_pb_image][/et_pb_column][/et_pb_row][/et_pb_section]</p>

<p>Il progettoSMART-AGE &#8211; Sustainable Mobility and Accessibility for Resilient Transport in Aging Urban EnvironmentsSMART-AGE affronta l&#8217;urgente necessità di adattare i sistemi di mobilità urbana alle capacità e alle preferenze delle persone più anziane (65+). Utilizzando il quadro di riferimento della cosiddetta &#8220;Città dei 15 minuti&#8221;/&#8221;15-Minute City&#8221;, che dà priorità alla mobilità attiva e al trasporto [&hellip;]</p>

<!-- This site is optimized with the Yoast SEO plugin v27.5 - https://yoast.com/product/yoast-seo-wordpress/ -->
<title>Il progetto - SMART-AGE</title>
<meta name="robots" content="index, follow, max-snippet:-1, max-image-preview:large, max-video-preview:-1" />
<link rel="canonical" href="https://smart-age.eu/it/il-progetto/" />
<meta property="og:locale" content="it_IT" />
<meta property="og:type" content="article" />
<meta property="og:title" content="Il progetto - SMART-AGE" />
<meta property="og:description" content="Il progettoSMART-AGE - Sustainable Mobility and Accessibility for Resilient Transport in Aging Urban EnvironmentsSMART-AGE affronta l&#039;urgente necessità di adattare i sistemi di mobilità urbana alle capacità e alle preferenze delle persone più anziane (65+). Utilizzando il quadro di riferimento della cosiddetta &quot;Città dei 15 minuti&quot;/&quot;15-Minute City&quot;, che dà priorità alla mobilità attiva e al trasporto [&hellip;]" />
<meta property="og:url" content="https://smart-age.eu/it/il-progetto/" />
<meta property="og:site_name" content="SMART-AGE" />
<meta property="article:modified_time" content="2025-03-25T10:57:21+00:00" />
<meta name="twitter:card" content="summary_large_image" />
<meta name="twitter:label1" content="Tempo di lettura stimato" />
	<meta name="twitter:data1" content="2 minuti" />
<script type="application/ld+json" class="yoast-schema-graph">{"@context":"https:\/\/schema.org","@graph":[{"@type":"WebPage","@id":"https:\/\/smart-age.eu\/it\/il-progetto\/","url":"https:\/\/smart-age.eu\/it\/il-progetto\/","name":"Il progetto - SMART-AGE","isPartOf":{"@id":"https:\/\/smart-age.eu\/#website"},"datePublished":"2025-02-07T08:27:00+00:00","dateModified":"2025-03-25T10:57:21+00:00","breadcrumb":{"@id":"https:\/\/smart-age.eu\/it\/il-progetto\/#breadcrumb"},"inLanguage":"it-IT","potentialAction":[{"@type":"ReadAction","target":["https:\/\/smart-age.eu\/it\/il-progetto\/"]}]},{"@type":"BreadcrumbList","@id":"https:\/\/smart-age.eu\/it\/il-progetto\/#breadcrumb","itemListElement":[{"@type":"ListItem","position":1,"name":"Home","item":"https:\/\/smart-age.eu\/it\/home\/"},{"@type":"ListItem","position":2,"name":"Il progetto"}]},{"@type":"WebSite","@id":"https:\/\/smart-age.eu\/#website","url":"https:\/\/smart-age.eu\/","name":"SMART-AGE","description":"Sustainable Mobility and Accessibility for Resilient Transport in Aging Urban Environments","potentialAction":[{"@type":"SearchAction","target":{"@type":"EntryPoint","urlTemplate":"https:\/\/smart-age.eu\/?s={search_term_string}"},"query-input":{"@type":"PropertyValueSpecification","valueRequired":true,"valueName":"search_term_string"}}],"inLanguage":"it-IT"}]}</script>
<!-- / Yoast SEO plugin. -->

Il progettoSMART-AGE - Sustainable Mobility and Accessibility for Resilient Transport in Aging Urban EnvironmentsSMART-AGE affronta l'urgente necessità di adattare i sistemi di mobilità urbana alle capacità e alle preferenze delle persone più anziane (65+). Utilizzando il quadro di riferimento della cosiddetta "Città dei 15 minuti"/"15-Minute City", che dà priorità alla mobilità attiva e al trasporto [&hellip;]
